{"id":978,"date":"2025-01-16T09:50:30","date_gmt":"2025-01-16T08:50:30","guid":{"rendered":"https:\/\/odrasailing.pl\/?page_id=978"},"modified":"2025-06-05T17:27:22","modified_gmt":"2025-06-05T15:27:22","slug":"zajecia-dla-mlodziezy","status":"publish","type":"page","link":"https:\/\/odrasailing.pl\/?page_id=978","title":{"rendered":"Zaj\u0119cia dla m\u0142odzie\u017cy"},"content":{"rendered":"\n<p><\/p>\n\n\n\n<p><\/p>\n\n\n\n<p><\/p>\n\n\n\n<div class=\"wp-block-media-text is-stacked-on-mobile\"><figure class=\"wp-block-media-text__media\"><img loading=\"lazy\" decoding=\"async\" width=\"1024\" height=\"768\" src=\"https:\/\/odrasailing.pl\/wp-content\/uploads\/2025\/01\/P8237733-1024x768.jpg\" alt=\"\" class=\"wp-image-805 size-full\" srcset=\"https:\/\/odrasailing.pl\/wp-content\/uploads\/2025\/01\/P8237733-1024x768.jpg 1024w, https:\/\/odrasailing.pl\/wp-content\/uploads\/2025\/01\/P8237733-300x225.jpg 300w, https:\/\/odrasailing.pl\/wp-content\/uploads\/2025\/01\/P8237733-768x576.jpg 768w, https:\/\/odrasailing.pl\/wp-content\/uploads\/2025\/01\/P8237733-1536x1152.jpg 1536w, https:\/\/odrasailing.pl\/wp-content\/uploads\/2025\/01\/P8237733-2048x1536.jpg 2048w\" sizes=\"auto, (max-width: 1024px) 100vw, 1024px\" \/><\/figure><div class=\"wp-block-media-text__content\">\n<p><\/p>\n\n\n\n<p>Zapraszamy m\u0142odzie\u017c na wyj\u0105tkowe zaj\u0119cia \u017ceglarskie, kt\u00f3re \u0142\u0105cz\u0105 nauk\u0119, przygod\u0119 i \u015bwietn\u0105 zabaw\u0119! To doskona\u0142y spos\u00f3b na aktywne sp\u0119dzenie czasu, zdobycie nowych umiej\u0119tno\u015bci i poznanie \u017ceglarskiego \u015bwiata. Zaj\u0119cia przeznaczone s\u0105 dla m\u0142odzie\u017cy w wieku <strong>12\u201318 lat<\/strong> \u2013 zar\u00f3wno dla pocz\u0105tkuj\u0105cych, jak i tych, kt\u00f3rzy maj\u0105 ju\u017c do\u015bwiadczenie w \u017ceglarstwie.<\/p>\n<\/div><\/div>\n\n\n\n<h2 class=\"wp-block-heading\"><\/h2>\n\n\n\n<p><\/p>\n\n\n\n<h4 class=\"wp-block-heading\"><strong>Oferujemy?<\/strong><\/h4>\n\n\n\n<ul class=\"wp-block-list\">\n<li><strong>Podstawy \u017ceglarstwa<\/strong>: Nauka obs\u0142ugi jachtu, manewr\u00f3w na wodzie, wi\u0105zania w\u0119z\u0142\u00f3w i zasad bezpiecze\u0144stwa.<\/li>\n\n\n\n<li><strong>Wsp\u00f3\u0142praca i integracja<\/strong>: Zaj\u0119cia ucz\u0105 pracy w zespole i wzmacniaj\u0105 relacje r\u00f3wie\u015bnicze.<\/li>\n\n\n\n<li><strong>Przygoda na wodzie<\/strong>: Rejsy po malowniczych akwenach, kt\u00f3re dostarczaj\u0105 niezapomnianych wspomnie\u0144.<\/li>\n\n\n\n<li><strong>Certyfikaty i uprawnienia<\/strong>: Mo\u017cliwo\u015b\u0107 zdobycia patentu \u017ceglarza jachtowego (opcjonalnie).<\/li>\n<\/ul>\n\n\n\n<p><\/p>\n\n\n\n<h4 class=\"wp-block-heading\"><strong>Dlaczego warto?<\/strong><\/h4>\n\n\n\n<ul class=\"wp-block-list\">\n<li><strong>Nauka przez praktyk\u0119<\/strong>: Zamiast ksi\u0105\u017cek \u2013 prawdziwa \u017ceglarska przygoda!<\/li>\n\n\n\n<li><strong>Rozw\u00f3j osobisty<\/strong>: Zaj\u0119cia rozwijaj\u0105 odpowiedzialno\u015b\u0107, pewno\u015b\u0107 siebie i umiej\u0119tno\u015b\u0107 radzenia sobie w r\u00f3\u017cnych sytuacjach.<\/li>\n\n\n\n<li><strong>Blisko natury<\/strong>: Mazury, Odra lub inne pi\u0119kne akweny \u2013 \u017ceglarstwo to najlepszy spos\u00f3b, by pozna\u0107 uroki natury.<\/li>\n<\/ul>\n\n\n\n<h4 class=\"wp-block-heading\"><strong>Do\u0142\u0105cz do nas i odkryj pi\u0119kno \u017ceglarstwa!<\/strong><\/h4>\n\n\n\n<p class=\"has-black-color has-text-color has-link-color wp-elements-16a5de2895ab25fbfe00bdc439255677\">Nie zwlekaj \u2013 liczba miejsc jest ograniczona! \u26f5<\/p>\n\n\n\n<p><\/p>\n\n\n\n<div class=\"wp-block-buttons is-layout-flex wp-block-buttons-is-layout-flex\">\n<div class=\"wp-block-button\"><a class=\"wp-block-button__link has-vivid-green-cyan-background-color has-background wp-element-button\" href=\"https:\/\/odrasailing.pl\/?page_id=858\" style=\"border-radius:0px\">Zapisz si\u0119 ju\u017c dzi\u015b<\/a><\/div>\n<\/div>\n\n\n\n<p><\/p>\n\n\n\n<p><\/p>\n\n\n\n<p><\/p>\n\n\n\n<p><\/p>\n","protected":false},"excerpt":{"rendered":"<p>Zapraszamy m\u0142odzie\u017c na wyj\u0105tkowe zaj\u0119cia \u017ceglarskie, kt\u00f3re \u0142\u0105cz\u0105 nauk\u0119, przygod\u0119 i \u015bwietn\u0105 zabaw\u0119! To doskona\u0142y spos\u00f3b na aktywne sp\u0119dzenie czasu, [&hellip;]<\/p>\n","protected":false},"author":1,"featured_media":818,"parent":0,"menu_order":0,"comment_status":"closed","ping_status":"closed","template":"","meta":{"footnotes":""},"class_list":["post-978","page","type-page","status-publish","has-post-thumbnail","hentry"],"aioseo_notices":[],"_links":{"self":[{"href":"https:\/\/odrasailing.pl\/index.php?rest_route=\/wp\/v2\/pages\/978","targetHints":{"allow":["GET"]}}],"collection":[{"href":"https:\/\/odrasailing.pl\/index.php?rest_route=\/wp\/v2\/pages"}],"about":[{"href":"https:\/\/odrasailing.pl\/index.php?rest_route=\/wp\/v2\/types\/page"}],"author":[{"embeddable":true,"href":"https:\/\/odrasailing.pl\/index.php?rest_route=\/wp\/v2\/users\/1"}],"replies":[{"embeddable":true,"href":"https:\/\/odrasailing.pl\/index.php?rest_route=%2Fwp%2Fv2%2Fcomments&post=978"}],"version-history":[{"count":20,"href":"https:\/\/odrasailing.pl\/index.php?rest_route=\/wp\/v2\/pages\/978\/revisions"}],"predecessor-version":[{"id":1114,"href":"https:\/\/odrasailing.pl\/index.php?rest_route=\/wp\/v2\/pages\/978\/revisions\/1114"}],"wp:featuredmedia":[{"embeddable":true,"href":"https:\/\/odrasailing.pl\/index.php?rest_route=\/wp\/v2\/media\/818"}],"wp:attachment":[{"href":"https:\/\/odrasailing.pl\/index.php?rest_route=%2Fwp%2Fv2%2Fmedia&parent=978"}],"curies":[{"name":"wp","href":"https:\/\/api.w.org\/{rel}","templated":true}]}}